{"id":129,"date":"2026-03-30T12:54:30","date_gmt":"2026-03-30T12:54:30","guid":{"rendered":"https:\/\/brette.biz\/tropdamour\/?page_id=129"},"modified":"2026-03-30T13:13:20","modified_gmt":"2026-03-30T13:13:20","slug":"boussole","status":"publish","type":"page","link":"https:\/\/www.brette.biz\/tropdamour\/boussole\/","title":{"rendered":"boussole"},"content":{"rendered":"\n<p>pour visiteurs \u00e9gar\u00e9s, cat\u00e9gories, archives, derniers articles et commentaires ci-dessous :<\/p>\n","protected":false},"excerpt":{"rendered":"<p>pour visiteurs \u00e9gar\u00e9s, cat\u00e9gories, archives, derniers articles et commentaires ci-dessous :<\/p>\n","protected":false},"author":1,"featured_media":0,"parent":0,"menu_order":0,"comment_status":"closed","ping_status":"closed","template":"","meta":{"footnotes":""},"class_list":["post-129","page","type-page","status-publish","hentry"],"yoast_head":"<!-- This site is optimized with the Yoast SEO plugin v27.3 - https:\/\/yoast.com\/product\/yoast-seo-wordpress\/ -->\n<title>boussole - tropdamour, poeme d&#039;amour et parole de chanson<\/title>\n<meta name=\"description\" content=\"boussole\" \/>\n<meta name=\"robots\" content=\"index, follow, max-snippet:-1, max-image-preview:large, max-video-preview:-1\" \/>\n<link rel=\"canonical\" href=\"https:\/\/www.brette.biz\/tropdamour\/boussole\/\" \/>\n<meta property=\"og:locale\" content=\"fr_FR\" \/>\n<meta property=\"og:type\" content=\"article\" \/>\n<meta property=\"og:title\" content=\"boussole - tropdamour, poeme d&#039;amour et parole de chanson\" \/>\n<meta property=\"og:description\" content=\"boussole\" \/>\n<meta property=\"og:url\" content=\"https:\/\/www.brette.biz\/tropdamour\/boussole\/\" \/>\n<meta property=\"og:site_name\" content=\"tropdamour, poeme d&#039;amour et parole de chanson\" \/>\n<meta property=\"article:modified_time\" content=\"2026-03-30T13:13:20+00:00\" \/>\n<meta name=\"twitter:card\" content=\"summary_large_image\" \/>\n<meta name=\"twitter:label1\" content=\"Dur\u00e9e de lecture estim\u00e9e\" \/>\n\t<meta name=\"twitter:data1\" content=\"1 minute\" \/>\n<script type=\"application\/ld+json\" class=\"yoast-schema-graph\">{\"@context\":\"https:\\\/\\\/schema.org\",\"@graph\":[{\"@type\":\"WebPage\",\"@id\":\"https:\\\/\\\/www.brette.biz\\\/tropdamour\\\/boussole\\\/\",\"url\":\"https:\\\/\\\/www.brette.biz\\\/tropdamour\\\/boussole\\\/\",\"name\":\"boussole - tropdamour, poeme d&#039;amour et parole de chanson\",\"isPartOf\":{\"@id\":\"https:\\\/\\\/www.brette.biz\\\/tropdamour\\\/#website\"},\"datePublished\":\"2026-03-30T12:54:30+00:00\",\"dateModified\":\"2026-03-30T13:13:20+00:00\",\"description\":\"boussole\",\"breadcrumb\":{\"@id\":\"https:\\\/\\\/www.brette.biz\\\/tropdamour\\\/boussole\\\/#breadcrumb\"},\"inLanguage\":\"fr-FR\",\"potentialAction\":[{\"@type\":\"ReadAction\",\"target\":[\"https:\\\/\\\/www.brette.biz\\\/tropdamour\\\/boussole\\\/\"]}]},{\"@type\":\"BreadcrumbList\",\"@id\":\"https:\\\/\\\/www.brette.biz\\\/tropdamour\\\/boussole\\\/#breadcrumb\",\"itemListElement\":[{\"@type\":\"ListItem\",\"position\":1,\"name\":\"Accueil\",\"item\":\"https:\\\/\\\/www.brette.biz\\\/tropdamour\\\/\"},{\"@type\":\"ListItem\",\"position\":2,\"name\":\"boussole\"}]},{\"@type\":\"WebSite\",\"@id\":\"https:\\\/\\\/www.brette.biz\\\/tropdamour\\\/#website\",\"url\":\"https:\\\/\\\/www.brette.biz\\\/tropdamour\\\/\",\"name\":\"tropdamour, poeme d'amour et parole de chanson\",\"description\":\"quelques maux d&#039;amour\",\"potentialAction\":[{\"@type\":\"SearchAction\",\"target\":{\"@type\":\"EntryPoint\",\"urlTemplate\":\"https:\\\/\\\/www.brette.biz\\\/tropdamour\\\/?s={search_term_string}\"},\"query-input\":{\"@type\":\"PropertyValueSpecification\",\"valueRequired\":true,\"valueName\":\"search_term_string\"}}],\"inLanguage\":\"fr-FR\"}]}<\/script>\n<!-- \/ Yoast SEO plugin. -->","yoast_head_json":{"title":"boussole - tropdamour, poeme d&#039;amour et parole de chanson","description":"boussole","robots":{"index":"index","follow":"follow","max-snippet":"max-snippet:-1","max-image-preview":"max-image-preview:large","max-video-preview":"max-video-preview:-1"},"canonical":"https:\/\/www.brette.biz\/tropdamour\/boussole\/","og_locale":"fr_FR","og_type":"article","og_title":"boussole - tropdamour, poeme d&#039;amour et parole de chanson","og_description":"boussole","og_url":"https:\/\/www.brette.biz\/tropdamour\/boussole\/","og_site_name":"tropdamour, poeme d&#039;amour et parole de chanson","article_modified_time":"2026-03-30T13:13:20+00:00","twitter_card":"summary_large_image","twitter_misc":{"Dur\u00e9e de lecture estim\u00e9e":"1 minute"},"schema":{"@context":"https:\/\/schema.org","@graph":[{"@type":"WebPage","@id":"https:\/\/www.brette.biz\/tropdamour\/boussole\/","url":"https:\/\/www.brette.biz\/tropdamour\/boussole\/","name":"boussole - tropdamour, poeme d&#039;amour et parole de chanson","isPartOf":{"@id":"https:\/\/www.brette.biz\/tropdamour\/#website"},"datePublished":"2026-03-30T12:54:30+00:00","dateModified":"2026-03-30T13:13:20+00:00","description":"boussole","breadcrumb":{"@id":"https:\/\/www.brette.biz\/tropdamour\/boussole\/#breadcrumb"},"inLanguage":"fr-FR","potentialAction":[{"@type":"ReadAction","target":["https:\/\/www.brette.biz\/tropdamour\/boussole\/"]}]},{"@type":"BreadcrumbList","@id":"https:\/\/www.brette.biz\/tropdamour\/boussole\/#breadcrumb","itemListElement":[{"@type":"ListItem","position":1,"name":"Accueil","item":"https:\/\/www.brette.biz\/tropdamour\/"},{"@type":"ListItem","position":2,"name":"boussole"}]},{"@type":"WebSite","@id":"https:\/\/www.brette.biz\/tropdamour\/#website","url":"https:\/\/www.brette.biz\/tropdamour\/","name":"tropdamour, poeme d'amour et parole de chanson","description":"quelques maux d&#039;amour","potentialAction":[{"@type":"SearchAction","target":{"@type":"EntryPoint","urlTemplate":"https:\/\/www.brette.biz\/tropdamour\/?s={search_term_string}"},"query-input":{"@type":"PropertyValueSpecification","valueRequired":true,"valueName":"search_term_string"}}],"inLanguage":"fr-FR"}]}},"_links":{"self":[{"href":"https:\/\/www.brette.biz\/tropdamour\/wp-json\/wp\/v2\/pages\/129","targetHints":{"allow":["GET"]}}],"collection":[{"href":"https:\/\/www.brette.biz\/tropdamour\/wp-json\/wp\/v2\/pages"}],"about":[{"href":"https:\/\/www.brette.biz\/tropdamour\/wp-json\/wp\/v2\/types\/page"}],"author":[{"embeddable":true,"href":"https:\/\/www.brette.biz\/tropdamour\/wp-json\/wp\/v2\/users\/1"}],"replies":[{"embeddable":true,"href":"https:\/\/www.brette.biz\/tropdamour\/wp-json\/wp\/v2\/comments?post=129"}],"version-history":[{"count":4,"href":"https:\/\/www.brette.biz\/tropdamour\/wp-json\/wp\/v2\/pages\/129\/revisions"}],"predecessor-version":[{"id":136,"href":"https:\/\/www.brette.biz\/tropdamour\/wp-json\/wp\/v2\/pages\/129\/revisions\/136"}],"wp:attachment":[{"href":"https:\/\/www.brette.biz\/tropdamour\/wp-json\/wp\/v2\/media?parent=129"}],"curies":[{"name":"wp","href":"https:\/\/api.w.org\/{rel}","templated":true}]}}